{"id":264,"date":"2025-02-04T13:01:31","date_gmt":"2025-02-04T12:01:31","guid":{"rendered":"https:\/\/hausmeisterservice-rimbu.de\/?page_id=264"},"modified":"2025-02-04T13:01:31","modified_gmt":"2025-02-04T12:01:31","slug":"reinigungsarbeit","status":"publish","type":"page","link":"https:\/\/hausmeisterservice-rimbu.de\/?page_id=264","title":{"rendered":"Reinigungsarbeit"},"content":{"rendered":"\n<p><strong>Reinigungsarbeiten, B\u00fcroreinigung und Geb\u00e4udereinigung<\/strong><\/p>\n\n\n\n<p>&#8211; Treppenhaus, B\u00fcro und Wohnungsreinigung.<\/p>\n\n\n\n<p>&#8211; Teppichreinigung.<\/p>\n\n\n\n<p>&#8211; Grundreinigung, Bauendreinigung.<\/p>\n\n\n\n<p>&#8211; Glasreinigung\/Fensterreinigung.<\/p>\n\n\n\n<p>&#8211; Tiefgaragenreinigung und Graffitientfernung.<\/p>\n\n\n\n<p>&#8211; Lichtschachtreinigung, Bodenrinnen, Fu\u00dfrosste und Wassereinl\u00e4ufe s\u00e4ubern.<\/p>\n\n\n\n<p>&#8211; Abfluss-Siphon reinigen und Dachrinnenreinigung.<\/p>\n\n\n\n<p>&#8211; Dach kehren, gebrochene Dachziegel auswechseln.<\/p>\n\n\n\n<p>&#8211; Hochdruckreinigung <\/p>\n\n\n\n<p>&#8211; Terrassen, Balkone und Gartenmauern.<\/p>\n\n\n\n<p>&#8211; M\u00fclltonnenreinigung und Sonderreinigung.<\/p>\n\n\n\n<p>&#8211; Kehrdienst, M\u00fcllbeseitigung und Sperrgutabfuhr.<\/p>\n\n\n\n<p>Ihr pers\u00f6nliches Angebot f\u00fcr die Reinigungsarbeiten erhalten Sie nach der Angebotsanfrage innerhalb von 24 Stunden. Selbstverst\u00e4ndlich kostenlos und unverbindlich<\/p>\n","protected":false},"excerpt":{"rendered":"<p>Reinigungsarbeiten, B\u00fcroreinigung und Geb\u00e4udereinigung &#8211; Treppenhaus, B\u00fcro und Wohnungsreinigung. &#8211; Teppichreinigung. &#8211; Grundreinigung, Bauendreinigung. &#8211; Glasreinigung\/Fensterreinigung. &#8211; Tiefgaragenreinigung und Graffitientfernung. &#8211; Lichtschachtreinigung, Bodenrinnen, Fu\u00dfrosste und Wassereinl\u00e4ufe s\u00e4ubern. &#8211; Abfluss-Siphon reinigen und Dachrinnenreinigung. &#8211; Dach kehren, gebrochene Dachziegel auswechseln. &#8211; Hochdruckreinigung &#8211; Terrassen, Balkone und Gartenmauern. &#8211; M\u00fclltonnenreinigung und Sonderreinigung. &#8211; Kehrdienst, M\u00fcllbeseitigung und Sperrgutabfuhr. Ihr &hellip; <\/p>\n<p class=\"link-more\"><a href=\"https:\/\/hausmeisterservice-rimbu.de\/?page_id=264\" class=\"more-link\">Continue reading<span class=\"screen-reader-text\"> &#8222;Reinigungsarbeit&#8220;<\/span><\/a><\/p>\n","protected":false},"author":1,"featured_media":0,"parent":0,"menu_order":0,"comment_status":"closed","ping_status":"closed","template":"","meta":{"footnotes":""},"class_list":["post-264","page","type-page","status-publish","hentry"],"_links":{"self":[{"href":"https:\/\/hausmeisterservice-rimbu.de\/index.php?rest_route=\/wp\/v2\/pages\/264","targetHints":{"allow":["GET"]}}],"collection":[{"href":"https:\/\/hausmeisterservice-rimbu.de\/index.php?rest_route=\/wp\/v2\/pages"}],"about":[{"href":"https:\/\/hausmeisterservice-rimbu.de\/index.php?rest_route=\/wp\/v2\/types\/page"}],"author":[{"embeddable":true,"href":"https:\/\/hausmeisterservice-rimbu.de\/index.php?rest_route=\/wp\/v2\/users\/1"}],"replies":[{"embeddable":true,"href":"https:\/\/hausmeisterservice-rimbu.de\/index.php?rest_route=%2Fwp%2Fv2%2Fcomments&post=264"}],"version-history":[{"count":1,"href":"https:\/\/hausmeisterservice-rimbu.de\/index.php?rest_route=\/wp\/v2\/pages\/264\/revisions"}],"predecessor-version":[{"id":265,"href":"https:\/\/hausmeisterservice-rimbu.de\/index.php?rest_route=\/wp\/v2\/pages\/264\/revisions\/265"}],"wp:attachment":[{"href":"https:\/\/hausmeisterservice-rimbu.de\/index.php?rest_route=%2Fwp%2Fv2%2Fmedia&parent=264"}],"curies":[{"name":"wp","href":"https:\/\/api.w.org\/{rel}","templated":true}]}}