{"id":262,"date":"2025-02-04T12:59:08","date_gmt":"2025-02-04T11:59:08","guid":{"rendered":"https:\/\/hausmeisterservice-rimbu.de\/?page_id=262"},"modified":"2025-02-04T12:59:08","modified_gmt":"2025-02-04T11:59:08","slug":"gartenarbeit","status":"publish","type":"page","link":"https:\/\/hausmeisterservice-rimbu.de\/?page_id=262","title":{"rendered":"Gartenarbeit"},"content":{"rendered":"\n<p><strong>Garten, Grundst\u00fcck- und Landschaftspflege<\/strong><\/p>\n\n\n\n<p>&#8211; Rasenm\u00e4hen und Rasenpflege<\/p>\n\n\n\n<p>&#8211; Rasensprengen und Blumen gie\u00dfen.<\/p>\n\n\n\n<p>&#8211; Unkrautentfernung auf Fu\u00dfwegen- Hecken-, Strauch- und Baumschnitt<\/p>\n\n\n\n<p>&#8211; Pflege von Gartenfl\u00e4chen, Beeten und Tr\u00f6gen<\/p>\n\n\n\n<p>&#8211; Reinigung von Rinnen und Abl\u00e4ufen<\/p>\n\n\n\n<p>&#8211; Kinderspielplatzreinigung und Sandaustausch.<\/p>\n\n\n\n<p>&#8211; Entsorgung von Gartenabf\u00e4llen<\/p>\n","protected":false},"excerpt":{"rendered":"<p>Garten, Grundst\u00fcck- und Landschaftspflege &#8211; Rasenm\u00e4hen und Rasenpflege &#8211; Rasensprengen und Blumen gie\u00dfen. &#8211; Unkrautentfernung auf Fu\u00dfwegen- Hecken-, Strauch- und Baumschnitt &#8211; Pflege von Gartenfl\u00e4chen, Beeten und Tr\u00f6gen &#8211; Reinigung von Rinnen und Abl\u00e4ufen &#8211; Kinderspielplatzreinigung und Sandaustausch. &#8211; Entsorgung von Gartenabf\u00e4llen<\/p>\n","protected":false},"author":1,"featured_media":0,"parent":0,"menu_order":0,"comment_status":"closed","ping_status":"closed","template":"","meta":{"footnotes":""},"class_list":["post-262","page","type-page","status-publish","hentry"],"_links":{"self":[{"href":"https:\/\/hausmeisterservice-rimbu.de\/index.php?rest_route=\/wp\/v2\/pages\/262","targetHints":{"allow":["GET"]}}],"collection":[{"href":"https:\/\/hausmeisterservice-rimbu.de\/index.php?rest_route=\/wp\/v2\/pages"}],"about":[{"href":"https:\/\/hausmeisterservice-rimbu.de\/index.php?rest_route=\/wp\/v2\/types\/page"}],"author":[{"embeddable":true,"href":"https:\/\/hausmeisterservice-rimbu.de\/index.php?rest_route=\/wp\/v2\/users\/1"}],"replies":[{"embeddable":true,"href":"https:\/\/hausmeisterservice-rimbu.de\/index.php?rest_route=%2Fwp%2Fv2%2Fcomments&post=262"}],"version-history":[{"count":1,"href":"https:\/\/hausmeisterservice-rimbu.de\/index.php?rest_route=\/wp\/v2\/pages\/262\/revisions"}],"predecessor-version":[{"id":263,"href":"https:\/\/hausmeisterservice-rimbu.de\/index.php?rest_route=\/wp\/v2\/pages\/262\/revisions\/263"}],"wp:attachment":[{"href":"https:\/\/hausmeisterservice-rimbu.de\/index.php?rest_route=%2Fwp%2Fv2%2Fmedia&parent=262"}],"curies":[{"name":"wp","href":"https:\/\/api.w.org\/{rel}","templated":true}]}}