{"id":253,"date":"2025-02-04T11:59:43","date_gmt":"2025-02-04T10:59:43","guid":{"rendered":"https:\/\/hausmeisterservice-rimbu.de\/?page_id=253"},"modified":"2025-02-04T13:02:07","modified_gmt":"2025-02-04T12:02:07","slug":"service-und-ueberwachung","status":"publish","type":"page","link":"https:\/\/hausmeisterservice-rimbu.de\/?page_id=253","title":{"rendered":"\u00dcberwachung"},"content":{"rendered":"\n<p><strong>\u00dcberwachung und Service<\/strong><\/p>\n\n\n\n<p>&#8211; \u00dcberwachung des Gesamtzustandes der Immobilie und der Au\u00dfenanlage.<\/p>\n\n\n\n<p>&#8211; \u00dcberwachung von Technik in Garagen\/Tiefgaragenanlagen<\/p>\n\n\n\n<p>&#8211; \u00dcberwachung und sauber halten der M\u00fcllanlagen und Gemeinschaftsr\u00e4ume<\/p>\n\n\n\n<p>&#8211; \u00dcberwachung der Heizungsanlage und der Brennstoffvorr\u00e4te<\/p>\n\n\n\n<p>&#8211; Leuchtmittelaustausch und Schlie\u00dfdienst.<\/p>\n\n\n\n<p>&#8211; M\u00fcnzentleerung von Waschautomaten und Trocknern- M\u00fcll- und Sperrm\u00fcllentsorgung- Vertretungsdienst f\u00fcr Hausmeister<\/p>\n\n\n\n<p><\/p>\n","protected":false},"excerpt":{"rendered":"<p>\u00dcberwachung und Service &#8211; \u00dcberwachung des Gesamtzustandes der Immobilie und der Au\u00dfenanlage. &#8211; \u00dcberwachung von Technik in Garagen\/Tiefgaragenanlagen &#8211; \u00dcberwachung und sauber halten der M\u00fcllanlagen und Gemeinschaftsr\u00e4ume &#8211; \u00dcberwachung der Heizungsanlage und der Brennstoffvorr\u00e4te &#8211; Leuchtmittelaustausch und Schlie\u00dfdienst. &#8211; M\u00fcnzentleerung von Waschautomaten und Trocknern- M\u00fcll- und Sperrm\u00fcllentsorgung- Vertretungsdienst f\u00fcr Hausmeister<\/p>\n","protected":false},"author":1,"featured_media":0,"parent":0,"menu_order":0,"comment_status":"closed","ping_status":"closed","template":"","meta":{"footnotes":""},"class_list":["post-253","page","type-page","status-publish","hentry"],"_links":{"self":[{"href":"https:\/\/hausmeisterservice-rimbu.de\/index.php?rest_route=\/wp\/v2\/pages\/253","targetHints":{"allow":["GET"]}}],"collection":[{"href":"https:\/\/hausmeisterservice-rimbu.de\/index.php?rest_route=\/wp\/v2\/pages"}],"about":[{"href":"https:\/\/hausmeisterservice-rimbu.de\/index.php?rest_route=\/wp\/v2\/types\/page"}],"author":[{"embeddable":true,"href":"https:\/\/hausmeisterservice-rimbu.de\/index.php?rest_route=\/wp\/v2\/users\/1"}],"replies":[{"embeddable":true,"href":"https:\/\/hausmeisterservice-rimbu.de\/index.php?rest_route=%2Fwp%2Fv2%2Fcomments&post=253"}],"version-history":[{"count":3,"href":"https:\/\/hausmeisterservice-rimbu.de\/index.php?rest_route=\/wp\/v2\/pages\/253\/revisions"}],"predecessor-version":[{"id":266,"href":"https:\/\/hausmeisterservice-rimbu.de\/index.php?rest_route=\/wp\/v2\/pages\/253\/revisions\/266"}],"wp:attachment":[{"href":"https:\/\/hausmeisterservice-rimbu.de\/index.php?rest_route=%2Fwp%2Fv2%2Fmedia&parent=253"}],"curies":[{"name":"wp","href":"https:\/\/api.w.org\/{rel}","templated":true}]}}